s the units digit of n?
6
Let s(p) = -2*p - 3*p**3 - 1604*p**2 + 2*p**3 + 11 + 1600*p**2 + 11. What is the tens digit of s(-6)?
0
Suppose -10*x - t - 6 = -12*x, 0 = 4*x - 4*t - 12. Suppose x*q - 1363 = 1520. What is the hundreds digit of q?
9
Suppose -2 + 5 = -5*u - 3*i, -2*i = 2. Suppose u = 2*b + 2*b + 24. What is the tens digit of ((-38)/3)/(1/b)?
7
Let v = -17 + 25. Suppose -h - 4*c + 3*c - v = 0, -3*c - 9 = 0. What is the units digit of (50/h - -5) + 165?
0
Let d(a) = 2*a**2 - 14*a + 12. Let z be d(10). Let j = z + -74. What is the tens digit of 2*j/(5/((-215)/4))?
4
Let g be (84/168)/(1 - 3/2). Let x(w) = -9*w + 5. Let j(h) = -h - 1. Let d(c) = g*x(c) + 2*j(c). What is the units digit of d(4)?
1
Suppose 4*w + 1554 = 5362. Let h = w - 363. What is the tens digit of h?
8
Suppose -5*j = 2*z - 24550, -20*j = z - 17*j - 12273. What is the tens digit of z?
8
Suppose 5*f - 74775 = -5*v, 4*f - 158*v - 59824 = -163*v. What is the ten thousands digit of f?
1
What is the tens digit of 41/(533/78) + 6237?
4
Let o(f) = 8*f**2 - 9*f + 9. Let d be o(5). Suppose 5*c - 132 = -w, 2*w - 88 - d = 2*c. What is the hundreds digit of w?
1
Let z(c) = 2*c**2 + 3*c + 9. Let f be z(-6). Let i = f + -112. What is the units digit of (-16)/48 + i/(-3)?
6
Let n = -14 + 6. Let x be (-4 - n) + 5 + -5. What is the tens digit of (-3 + (-4)/x)*-16?
6
Let z(i) = 7*i**2 - 81*i - 335. What is the thousands digit of z(102)?
4
Let a = 19 + -25. Let b(s) = -5*s**3 - 7*s**2 + 20*s - 4. What is the units digit of b(a)?
4
Let a(g) = g**2 - 7*g + 11. Let i be a(6). Suppose -h - 3*s = 103, i*h + s - 3*s = -447. Let t = -57 - h. What is the tens digit of t?
3
Suppose -4*c - 34196 = -1273*a + 1269*a, 5*c = 4*a - 34202. What is the thousands digit of a?
8
What is the hundreds digit of ((-34)/(-3))/((-25)/(-300))?
1
Let k = 17 - 8. Let b be (k - 9)/(1*2). Suppose 0*g - 3*g = 3*r - 279, -2*g - 5*r + 198 = b. What is the tens digit of g?
8
Let h be 266 + 0/(-1) + -1. Suppose 0 = -5*a - 2*x - 439, 5*a + x = 4*a - 89. Let b = a + h. What is the tens digit of b?
7
Suppose -197097 = -22*b - 6159. What is the thousands digit of b?
8
Suppose 24 = 22*a - 18*a. Let i be (17 + -18)/((-2)/a). Suppose 5*f - i*b = 301, -9 = -5*b + 2*b. What is the tens digit of f?
6
Suppose -5*j - 99 = -4*p - 2*j, -3*p - 2*j + 53 = 0. Let g be -1 + -1 + 0/p. What is the tens digit of g/(-8) + 1452/16?
9
Suppose 3 + 1 = -2*l, 0 = -5*j - l + 6788. Suppose -5*b + 0*r + j = -2*r, 5*b + 2*r - 1342 = 0. What is the units digit of b?
0
Suppose -32055 - 61211 = -14*g + 12532. What is the hundreds digit of g?
5
What is the thousands digit of ((-8592)/(-9) - 10)*12?
1
What is the hundreds digit of -11 + 13 - (-5 + -4165)?
1
Let p(m) = 29*m - 108. Let k(i) = 10*i - 36. Let s(y) = 8*k(y) - 3*p(y). Let l(v) = v. Let x(z) = 4*l(z) + s(z). What is the units digit of x(9)?
9
Let s = -628 + 804. Suppose -h = -3*n + 777 - s, -5*n = 2*h - 1009. What is the units digit of n?
1
Let s(j) = 6*j**2 - 12*j + 7. Let m be s(3). Let o = m - -347. What is the units digit of o?
2
Let x(f) = -12*f + 10 + 24 - 4*f. Let l be x(8). Let v = l - -171. What is the units digit of v?
7
Suppose -319 = i + 307. Let z = 210 - i. What is the units digit of z?
6
What is the units digit of ((-180)/(-8))/(-15)*(-40 + 2)?
7
Let h be -6 + (-1288)/(-10) + 1/5. Let z be (h*2)/(-7 - (-119)/14). Suppose -z = -r + 34. What is the units digit of r?
8
Let z(j) = 43*j + 28. Let u(f) = -42*f - 29. Let w(l) = -4*u(l) - 5*z(l). What is the hundreds digit of w(-14)?
6
Let a(w) = -w**2 - 140*w + 509. What is the units digit of a(-100)?
9
Suppose -110*w = -109*w + 4*m - 21840, -2*m - 16 = 0. What is the tens digit of w?
7
Suppose -141 = -y + 7*w - 5*w, -285 = -2*y + 3*w. Suppose 3*q + 366 = -q + 5*n, -5*n - 10 = 0. Let x = y + q. What is the tens digit of x?
5
Let z = 67 + -66. Let v(h) = 5*h + 2*h**2 + z + 1 + 10. What is the units digit of v(-5)?
7
What is the tens digit of 8033 + (90/240 - 86/16 - -2)?
3
Suppose 5*j = -5*u + 40, 3*u - 4 - 8 = 3*j. Let b = 695 - 692. Suppose b*t = -u*t + 144. What is the units digit of t?
6
Suppose -51*c - 199689 + 924195 = 0. What is the ten thousands digit of c?
1
Let w be ((-1480)/(-111))/((-2)/(-3)). Suppose -12*n + w*n - 1512 = 0. What is the units digit of n?
9
Let n(w) = -3*w + 19. Let d be n(5). Suppose 2*s - d = -86. Let o = 123 - s. What is the units digit of o?
4
Let s(j) = 6*j**2 - 13*j - 43. Let p be s(-24). Suppose 302 - p = -7*a. What is the units digit of a?
9
Suppose -8*c + 3*c + 110 = -4*g, 0 = 3*g + 5*c + 65. What is the tens digit of (164/5)/((-10)/g) + 3?
8
Let j = -755 - -12269. What is the hundreds digit of j?
5
Let w(t) = -3*t - 61. Let p be w(-22). Suppose -a = p*n - 70, 0 = -3*n + 4*a + 45 + 20. Suppose -18*j = -n*j - 204. What is the units digit of j?
8
Suppose 17 = 7*a - 25. Suppose 0 = -a*r + 4*r + 2*n - 2, 6 = 2*r + 2*n. Suppose -4*p + 276 = j + 3*j, 0 = j - r. What is the units digit of p?
8
Let g(k) = 6040*k - 75. What is the ten thousands digit of g(2)?
1
Suppose 0 = q + 5*p - 24632, 144*p - 147*p - 123272 = -5*q. What is the hundreds digit of q?
6
Let m(r) = -7*r + 136. Let g be m(19). Suppose -2009 - 1243 = -g*i + q, 5*i + 5*q = 5440. What is the thousands digit of i?
1
Let y = 36946 - 22436. What is the units digit of y?
0
Suppose -24*b = 2*z - 25*b - 14127, 0 = 5*z + 2*b - 35331. What is the hundreds digit of z?
0
Let n be (-2)/(-4)*2 - 58. Let b = -68 - n. What is the hundreds digit of 214 + b - 2*2/4?
2
Suppose 16638*y + 1242339 = 16659*y. What is the units digit of y?
9
Let j(i) be the first derivative of -i**4/12 - i**3/6 + 27*i**2/2 + 12*i - 14. Let a(u) be the first derivative of j(u). What is the units digit of a(0)?
7
Let b = 13220 - 22700. What is the thousands digit of ((60/25)/(-6))/(3/b)?
1
Let s(u) be the second derivative of u**5/20 - 5*u**4/12 + u**3/2 - 9*u**2 - 6*u. Let f be s(7). Let w = f + -19. What is the units digit of w?
2
Let k(p) be the second derivative of -p**5/20 + 5*p**4/6 + p**3/3 + 33*p**2/2 + 5*p. Let t be k(10). What is the tens digit of t/(3/3 - 0)?
5
Suppose -5*a - 4*u = -6107 - 74672, -4*a + 5*u = -64574. What is the units digit of a?
1
Suppose 5*y - 2*v - 18 = 0, 2*y - 12 = -v - 3. What is the units digit of (-3)/((y/(-34))/(3060/54))?
5
What is the ten thousands digit of (-97)/(((-208)/(-8336))/(-13))?
5
Suppose -32*b - 3643 = -34*b - 3*m, -5432 = -3*b + 2*m. Let d = b - 739. What is the hundreds digit of d?
0
Let k = 109 - 103. Let j be -4 - (k/27 + 370/(-45)). Suppose 0 = 15*c - j*c - 1672. What is the hundreds digit of c?
1
Let y(f) = f**3 - 36*f**2 - 19*f + 88. Let a(n) = -3*n**2 - 78*n - 38. Let t be a(-25). What is the hundreds digit of y(t)?
7
What is the thousands digit of (-29243)/(-7) + -26 + (-185)/(-7)?
4
Suppose -27*o - 318873 = -898678 - 739091. What is the units digit of o?
8
Let p(j) = -2*j**2 + 23*j - 57. Let q(x) = -8*x**2 + 92*x - 226. Let b(h) = -9*p(h) + 2*q(h). What is the tens digit of b(22)?
2
Let b = 28 + -24. Suppose -b*m + 0*w = 5*w - 1437, -2*m + 5*w = -711. What is the hundreds digit of m?
3
Suppose 0 = -18*q - 49934 + 170156. What is the thousands digit of q?
6
Suppose -1905 + 253 = 4*r. Suppose -2*w = 3*n + 679, -5*n - 1105 = -4*w + 2*w. Let l = n - r. What is the hundreds digit of l?
1
Let v(y) = -1319*y - 6804. What is the units digit of v(-8)?
8
Suppose 0 = 8*d - 115 - 45. Let y be (-2 - 196/(-10)) + 8/d. Suppose 2*f - y = 276. What is the units digit of f?
7
What is the hundreds digit of (-15)/12 - (591716/16)/(-29)?
2
What is the hundreds digit of 1830/366 + 4073 + 1?
0
What is the units digit of ((0 - 7386) + 11)*15/(-15)?
5
Let h = -106 + 329. Let j = 148 + h. What is the units digit of j?
1
Let s(y) be the third derivative of -y**5/60 + 7*y**4/12 + 19*y**3/6 - 15*y**2. Let g be s(9). Suppose -7*o = -3*o - g. What is the units digit of o?
6
Let r(y) = -22*y + 7. Suppose -9*s - 44 = -5*s. Let p be r(s). Suppose -9*l + 6*l = -p. What is the units digit of l?
3
Let q = 5049 - -14434. What is the thousands digit of q?
9
Let a(d) be the third derivative of d**6/40 + d**5/60 - d**4/24 + 28*d**2. Let f be a(1). What is the tens digit of (-34)/51 + 143/f?
4
Let r = -1916 + -7238. What is the hundreds digit of r/(-22) - (374/121 - 3)?
4